o). Calculate g(3).
6
Let p(s) = -s**3 + 4*s**2 - 4*s + 6. Let z = 176 + -462. Let h be z/(-8) + 3/12. Let q be (-12)/(-30) + h/10. What is p(q)?
-10
Let y(f) = f - 1. Let b(v) = -3*v - 3. Let p(h) = -b(h) + y(h). Determine p(-3).
-10
Let z(o) = -o**3 + 6*o**2 - 6*o - 4. Suppose -24 = -5*q + 3*h, h - 3 = -4*q - 2*h. Calculate z(q).
5
Let g(p) = 3*p**2 - 6. Let b(f) = 1 + 0 - 3*f**2 + 4 + 0. Let t(j) = 5*b(j) + 4*g(j). What is t(1)?
-2
Let p(f) be the third derivative of -f**6/90 + f**5/60 - f**4/8 + 4*f**3/3 - 2*f**2 + 10*f. Let d(u) be the second derivative of p(u). What is d(-3)?
26
Let j(s) = 2*s + 1. Suppose 2*h = 4*h - 18. Suppose -7*l - 6 = -h*l. Let q = l + -9. Calculate j(q).
-11
Let y(n) = -n**3 - 12*n**2 - 9*n + 6. Let s be y(-12). Let u be 3/7 + s/(-21). Let d(v) = -2*v + 2*v - 2 - 2*v. What is d(u)?
8
Suppose 0 = 3*h - 0*h + 15. Let p(l) = -11*l + 12*l**2 + 4*l - 5 - 8*l**2 + l**3. Let f be p(h). Let m(j) = -j. What is m(f)?
-5
Let t(n) be the first derivative of n**6/360 - n**5/20 - 7*n**4/24 - 8*n**3/3 + 18. Let k(m) be the third derivative of t(m). Give k(6).
-7
Suppose 10 + 0 = -5*u. Let k(r) = 2*r**3 + 5*r**2 - r - 4. Let v be k(-2). Let q(s) = v*s**2 + 6*s - 8*s + 3*s. Determine q(u).
6
Let m(o) = -6*o. Suppose 16 = -2*r + 4*r. Let g(c) = -c + 1. Let v(b) = r*g(b) - m(b). Calculate v(6).
-4
Let f = 30 + -33. Let v(a) = a + 1. Determine v(f).
-2
Let c = -241 + 427. Let p be (-2)/(c/(-66) - -3). Let g(v) = -v**2 - 12*v - 6. Calculate g(p).
5
Let b(f) = -8 + 0*f**3 - 64*f + 8*f**2 + f**3 + 63*f. Give b(-8).
0
Suppose 3*m - 5*w = 5, -7 = -m + 4*w - 3. Let r(d) = 7*d - 7*d**2 + m*d**3 + 8 - d**2 - 5 + d**3. Calculate r(7).
3
Let q(k) = 6*k - 3. Let u(l) = -3*l + 93. Let s be u(27). Suppose 20*y = 16*y + s. Determine q(y).
15
Let i(g) be the first derivative of -29 + 1/2*g**2 + 0*g + 2*g**3. Let z be (4/12)/((-2)/6). Determine i(z).
5
Suppose -6*r + 2*v = -2*r + 82, 5*r - 2*v = -100. Let g be (r + 12)*(-1)/(-3). Let n(f) = f**3 + 4*f**2 + 3*f. Determine n(g).
2
Let t(v) = -2*v - 5. Let f be 14/4 + (-2)/4. Let o be -2 - -8 - (-1 + f). Suppose 5*s = o*s - 6. Determine t(s).
7
Let g(h) = h**2 - h + 10. Let q(r) = 4*r**2 - 5*r + 38. Let v(b) = 9*g(b) - 2*q(b). Suppose 0 = 4*p - p. Give v(p).
14
Let u(j) be the first derivative of -j**7/840 + j**6/45 + 7*j**4/24 + 8*j**3 - 12. Let k(q) be the third derivative of u(q). Calculate k(8).
7
Let b = -1163 - -1170. Let o(c) be the third derivative of c**6/120 - 7*c**5/60 - c**4/24 + 7*c**3/6 + c**2. Give o(b).
0
Let h(j) be the third derivative of -j**4/6 - 11*j**3/3 - 15*j**2. Calculate h(-7).
6
Let o(j) = 4. Let n(i) = i + 28. Let x(h) = -2*n(h) + 10*o(h). Determine x(-6).
-4
Let a(w) be the third derivative of 0*w - w**2 - 1/12*w**4 + 0 - 3/2*w**3. Let k = 24 + -30. Determine a(k).
3
Let y(h) = -4*h - 4 + 3 + 6*h - 2. Let n be (-1*5/1)/(-1). Suppose -12 = -n*w + 18. What is y(w)?
9
Suppose -2 - 1 = -3*f, 3 = k - 5*f. Let v(r) = 7 + 1 - k + r. Let z = 17 - 10. What is v(z)?
7
Let r(u) be the third derivative of u**7/840 - u**6/90 - u**5/24 - u**4/24 + 13*u**3/3 - u**2. Let t(n) be the first derivative of r(n). Give t(5).
-1
Let v(g) be the third derivative of -g**7/2520 - g**6/240 - g**5/4 - 8*g**2. Let j(t) be the third derivative of v(t). Determine j(-5).
7
Let u(b) = 2*b**2 + 7*b + 6. Let r(k) = k**2 + 4*k + 3. Let d(n) = -9*r(n) + 4*u(n). Determine d(-7).
4
Let l(n) = 1346*n**3 - 1347*n**3 - n - 3 + 11 - 6*n**2. What is l(-6)?
14
Let h be (10 + -2 - 4)/1. Let n(z) = 22*z - 3. Let k(r) = 12*r - 2. Let s(w) = -5*k(w) + 3*n(w). Determine s(h).
25
Let k = -1527 + 1524. Let t = -1 + 1. Let x(d) = 4*d + 2*d + 4 + t*d. Determine x(k).
-14
Let q(r) = 0*r - 3 - 4*r + 4. Let c(p) = p - 18. Let x be c(14). Let g = -6 - x. What is q(g)?
9
Let l(a) = -27*a + 8*a + 4*a + 2*a + 11*a. Calculate l(-2).
4
Suppose -v - 2*v - 5*i = 13, -5*i = 25. Let a(m) = -1 + m**2 - v + 8. Give a(0).
3
Let o(q) = -q + 3. Let d(w) = -24*w**2 + w + 10*w**2 + 15*w**2. Let l be d(-2). Suppose 6*b = 4*b + 5*f - l, b - 8 = -2*f. What is o(b)?
-1
Let w(p) be the second derivative of -p**5/120 + p**4/3 + p**3/3 + 20*p. Let b(z) be the second derivative of w(z). Calculate b(6).
2
Let l be (-33)/(-6) + (-4)/(-1 - 7). Let p(x) = l - 7 - 2 - x. Give p(-7).
4
Let u(p) = -42 + 79 - p**3 - 35 - 3*p**2. What is u(2)?
-18
Let t(s) = 4*s - 4. Let u = -4 + 10. Let z(a) be the first derivative of 5*a**2/2 - 4*a - 1. Let w(f) = u*t(f) - 5*z(f). What is w(3)?
-7
Let i(q) = q**2 + 10*q - 11. Let g(p) = -p**3 - 14*p**2 + 14*p - 23. Let s be g(-15). Give i(s).
-27
Let v(g) = g**2 - 12*g + 12. Suppose b + 63 = 72. Give v(b).
-15
Suppose 2*a + 16 = 3*l + l, -25 = -5*a - 3*l. Suppose a*v - 3*v = 0. Let p(b) = b**3 + b**2 - b + 1. Determine p(v).
1
Suppose 3*f - 15 = 0, 5*k - 40 = -0*f - 2*f. Suppose 5*i - k = 4. Let o(j) = j + 1 - 4 + 0*j - i. Calculate o(5).
0
Suppose 5*n - 8 = 4*c, -c - 1 = -2*n - 2. Let w(k) = k**2 + 9*k + 7. What is w(c)?
-7
Let x be ((-2)/7)/(-3*(-4)/(-49)). Let o(m) be the second derivative of 1/20*m**5 + m**2 + x*m**3 - 3*m + 0 - 1/2*m**4. Calculate o(5).
12
Let x(z) be the third derivative of -z**4/12 - z**3/3 - 63*z**2. Let y be 12/54 + (-16)/(-9). Suppose 2*k + y + 2 = 0. Determine x(k).
2
Let p(l) = 19*l. Suppose 4*q + 11*q - 15 = 0. What is p(q)?
19
Let k(f) = -f - 5. Let l = -2280 - -2271. Give k(l).
4
Let u = -208 + 214. Let f(j) = 5 - 3*j + 4 + 0 + j. Give f(u).
-3
Suppose 2*j - 44 + 52 = 0. Let z(y) = -y**2 - 3*y - 7. Calculate z(j).
-11
Let u(p) = -p**2 + p - 4. Suppose -2*w = w + 36. Let g = -12 - w. Calculate u(g).
-4
Let j = 297 - 301. Let p(f) = f**2 + f - 3. Give p(j).
9
Let v(r) = -r**2 - 5*r - 4. Suppose -120 = -4*h + 4*x, h + x = -h + 57. Let c = 24 - h. Determine v(c).
-4
Let r(f) = -3*f**2 + 5*f - 1. Let g be 3/(-9) - (1/(-3) - 1). Let s be r(g). Let m(w) = 4*w**2 + w. Calculate m(s).
5
Let o(n) = -2*n**3 - 3*n**2 - 4*n - 2. Let g = -12 - -18. Suppose 3*r = -g*z + 3*z + 6, 0 = 5*r - z + 14. What is o(r)?
10
Let f(l) be the third derivative of 1/30*l**5 + 0*l + 0 - 1/120*l**6 + 0*l**3 + 1/8*l**4 - 10*l**2. What is f(4)?
-20
Let p be 3/(-1 - (-10)/4). Suppose -p*n + 10 = 0, -30 = -4*j - n - n. Let a(s) = -13*s + 25. Let x(h) = -3*h + 6. Let l(z) = 2*a(z) - 9*x(z). Calculate l(j).
1
Let l be -1 - 4/(-2*1). Suppose 0 = -y - l. Let h(n) be the third derivative of n**5/15 - 427*n**2. Calculate h(y).
4
Let p(m) = -m - 1. Let z be p(-4). Let i be z/(3 - 0)*2. Let u(v) = 6*v**3 - 2*v - 7*v**3 - 2*v**i - 4*v**2 + 2. Give u(-5).
-13
Let p be (0 - (2 + 1)) + -26 + (65 - 45). Let q(v) = v**3 + 6*v**2 + 9*v - 10. Let a(u) = u**3 + 7*u**2 + 9*u - 9. Let h(y) = -4*a(y) + 3*q(y). What is h(p)?
6
Let k(x) be the first derivative of -x**3/3 - 11*x**2/2 + 10*x - 109. What is k(-11)?
10
Suppose 0 = 4*i - 20*i + 48. Let k = 3 - i. Let y(t) = -t**3 + t**2 - t + 7. Calculate y(k).
7
Suppose -m = -6*m - 5*c + 30, 3*m - 3*c = -6. Suppose 0 = x - 5*k - 19, 0 = -m*x - 5*k + k - 18. Let b(j) = -11*j**3 - j**2 - j - 1. Determine b(x).
10
Let s(v) = 8 + 6*v + 12 - 19. Let u = -179 - -183. Determine s(u).
25
Let y(f) = f**3 - 8*f**2 + 7*f + 2. Let t be y(7). Let w(i) = i**3 + 3 - 2*i + 3*i**2 - t + i. Let k(p) = 10*p - 224. Let b be k(22). Calculate w(b).
-11
Let p be (-14 + 15)/(1 + 0). Let v(z) = 26*z**3 + z**2 - 1. Let y(x) = -x**3 - x**2 - x. Let g(s) = p*y(s) + v(s). Determine g(-1).
-25
Let h(r) = 2*r**3 - 3*r**2 + 7*r - 5. Let a(o) = -o**3 + o**2 - 4*o + 3. Let l(p) = 5*a(p) + 3*h(p). Calculate l(4).
4
Let a(t) = -3*t - 103*t**2 + 104*t**2 - t**3 - 20 + 23. Determine a(2).
-7
Let w = -65 - -56. Let a(m) = -m**3 - 9*m**2 + 2*m + 12. Calculate a(w).
-6
Let v = 6 - 10. Let w(f) = 7*f - 571*f**2 - 1 - 2*f + 573*f**2 - 1 - 1. Give w(v).
9
Suppose -76 + 276 = 5*b. Suppose 2*d = 5*h - 41, 5*h - 4*d = h + b. Let k(x) = -x**2 + 4*x + 9. Determine k(h).
-12
Let f be -1*7 + 62 + -53. Let c(h) = -9*h**3 + h**2 + 4*h - 3. What is c(f)?
-63
Let t(c) = c**3 + 4*c**2 + 2*c + 1. Let z be t(-3). Let m(v) be the first derivative of v**3/3 - 2*v**2 + 6*v + 325. What is m(z)?
6
Suppose 5*u = 4*u + 4*h - 1, -2*h + 2 = 0. Let s(z) = 2*z - 1. What is s(u)?
5
Let h(d) be the second derivative of d**3/6 - d**2/2 - 11*d. Let f(m) = -2*m + 10. Let w be